{"id":2,"date":"2007-11-19T22:02:14","date_gmt":"2007-11-19T21:02:14","guid":{"rendered":""},"modified":"2009-09-04T16:10:08","modified_gmt":"2009-09-04T15:10:08","slug":"zutaten","status":"publish","type":"page","link":"https:\/\/www.butterbemme.de\/blog\/zutaten\/","title":{"rendered":"Ich"},"content":{"rendered":"<p><a title=\"Der Eimer und Ich\" rel=\"lightbox\" href=\"http:\/\/www.butterbemme.de\/blog\/wp-content\/uploads\/2007\/11\/eimer_1.jpg\"><img loading=\"lazy\" decoding=\"async\" class=\"alignleft\" style=\"padding: 5px;\" src=\"http:\/\/www.butterbemme.de\/blog\/wp-content\/uploads\/2007\/11\/eimer_1.thumbnail.jpg\" alt=\"Der Eimer und Ich\" width=\"89\" height=\"128\" \/><\/a>Ja das hier links bin ich. Der Grund, warum ich damals in einem Eimer sa\u00df, ist eigentlich ganz simpel: es gab kein warmes Wasser, so wurde Kaltes in jenem warm gemacht, um mich damals (und nat\u00fcrlich heute auch;-) ) s\u00fc\u00dfen Fratz zu s\u00e4ubern.<\/p>\n<p>Heute nun, mehr als ein viertel Jahrhundert sp\u00e4ter, gibt es den Staat, den Tauchsieder und den Eimer nicht mehr, aber mich noch. Beruflich mit dem Programmieren von ein paar Internetshops besch\u00e4ftigt, kann ich sagen: ich bin noch genauso kindisch wie damals. Haha :-)<\/p>\n<p>Ansonsten sind meine Lieblingsbesch\u00e4ftigungen Atmen, H\u00f6ren, Riechen, Haare wachsen lassen, gucken und vieles mehr.<\/p>\n<p>Mein Lieblingsbuch hat einen hellblauen Einband und mein Lieblingsessen kann ich bestimmt auch selber anrichten.<\/p>\n<p>Ansonsten gibts zu mir nicht viel zusagen, und falls doch jemand mehr wissen m\u00f6chte -&gt; einfach Kontakt aufnehmen&#8230;<\/p>\n<p>So k\u00f6nnte ich in verschiedenen Universen aussehen:<br \/>ngg_shortcode_0_placeholder\n<p>Oder in diversen anderen zeitlichen Perioden des 20. Jahrhunderts:<br \/>ngg_shortcode_1_placeholder\n","protected":false},"excerpt":{"rendered":"<p>Ja das hier links bin ich. Der Grund, warum ich damals in einem Eimer sa\u00df, ist eigentlich ganz simpel: es gab kein warmes Wasser, so wurde Kaltes in jenem warm gemacht, um mich damals (und nat\u00fcrlich heute auch;-) ) s\u00fc\u00dfen Fratz zu s\u00e4ubern. Heute nun, mehr als ein viertel Jahrhundert sp\u00e4ter, gibt es den Staat, &hellip; <a href=\"https:\/\/www.butterbemme.de\/blog\/zutaten\/\" class=\"more-link\"><span class=\"screen-reader-text\">Ich<\/span> weiterlesen <span class=\"meta-nav\">&rarr;<\/span><\/a><\/p>\n","protected":false},"author":2,"featured_media":0,"parent":0,"menu_order":0,"comment_status":"closed","ping_status":"closed","template":"","meta":{"ngg_post_thumbnail":0,"footnotes":""},"class_list":["post-2","page","type-page","status-publish","hentry"],"_links":{"self":[{"href":"https:\/\/www.butterbemme.de\/blog\/wp-json\/wp\/v2\/pages\/2","targetHints":{"allow":["GET"]}}],"collection":[{"href":"https:\/\/www.butterbemme.de\/blog\/wp-json\/wp\/v2\/pages"}],"about":[{"href":"https:\/\/www.butterbemme.de\/blog\/wp-json\/wp\/v2\/types\/page"}],"author":[{"embeddable":true,"href":"https:\/\/www.butterbemme.de\/blog\/wp-json\/wp\/v2\/users\/2"}],"replies":[{"embeddable":true,"href":"https:\/\/www.butterbemme.de\/blog\/wp-json\/wp\/v2\/comments?post=2"}],"version-history":[{"count":3,"href":"https:\/\/www.butterbemme.de\/blog\/wp-json\/wp\/v2\/pages\/2\/revisions"}],"predecessor-version":[{"id":657,"href":"https:\/\/www.butterbemme.de\/blog\/wp-json\/wp\/v2\/pages\/2\/revisions\/657"}],"wp:attachment":[{"href":"https:\/\/www.butterbemme.de\/blog\/wp-json\/wp\/v2\/media?parent=2"}],"curies":[{"name":"wp","href":"https:\/\/api.w.org\/{rel}","templated":true}]}}